{"id":25209,"date":"2025-06-17T13:17:39","date_gmt":"2025-06-17T16:17:39","guid":{"rendered":"https:\/\/ases-df.org.br\/novo\/?page_id=25209"},"modified":"2026-03-27T16:08:47","modified_gmt":"2026-03-27T19:08:47","slug":"eventos","status":"publish","type":"page","link":"https:\/\/ases-df.org.br\/novo\/eventos\/","title":{"rendered":"Eventos"},"content":{"rendered":"\t\t<div data-elementor-type=\"wp-page\" data-elementor-id=\"25209\" class=\"elementor elementor-25209\">\n\t\t\t\t\t\t<section class=\"elementor-section elementor-top-section elementor-element elementor-element-544f160 elementor-section-stretched elementor-section-full_width elementor-section-height-default elementor-section-height-default parallax_section_no qode_elementor_container_no\" data-id=\"544f160\" data-element_type=\"section\" data-settings=\"{&quot;stretch_section&quot;:&quot;section-stretched&quot;,&quot;background_background&quot;:&quot;classic&quot;}\">\n\t\t\t\t\t\t\t<div class=\"elementor-background-overlay\"><\/div>\n\t\t\t\t\t\t\t<div class=\"elementor-container elementor-column-gap-default\">\n\t\t\t\t\t<div class=\"elementor-column elementor-col-100 elementor-top-column elementor-element elementor-element-43763ff\" data-id=\"43763ff\" data-element_type=\"column\">\n\t\t\t<div class=\"elementor-widget-wrap elementor-element-populated\">\n\t\t\t\t\t\t<div class=\"elementor-element elementor-element-daf328c elementor-widget__width-initial elementor-widget elementor-widget-heading\" data-id=\"daf328c\" data-element_type=\"widget\" data-widget_type=\"heading.default\">\n\t\t\t\t<div class=\"elementor-widget-container\">\n\t\t\t<h2 class=\"elementor-heading-title elementor-size-default\"><b>Veja aqui os eventos de 2026<\/b><\/h2>\t\t<\/div>\n\t\t\t\t<\/div>\n\t\t\t\t\t<\/div>\n\t\t<\/div>\n\t\t\t\t\t<\/div>\n\t\t<\/section>\n\t\t\t\t<section class=\"elementor-section elementor-top-section elementor-element elementor-element-f7a4bc6 elementor-section-stretched elementor-section-full_width elementor-reverse-mobile elementor-section-height-default elementor-section-height-default parallax_section_no qode_elementor_container_no\" data-id=\"f7a4bc6\" data-element_type=\"section\" data-settings=\"{&quot;stretch_section&quot;:&quot;section-stretched&quot;}\">\n\t\t\t\t\t\t<div class=\"elementor-container elementor-column-gap-no\">\n\t\t\t\t\t<div class=\"elementor-column elementor-col-100 elementor-top-column elementor-element elementor-element-d473a2a\" data-id=\"d473a2a\" data-element_type=\"column\">\n\t\t\t<div class=\"elementor-widget-wrap elementor-element-populated\">\n\t\t\t\t\t\t<div class=\"elementor-element elementor-element-ef6e99c elementor-widget elementor-widget-bdt-event-grid\" data-id=\"ef6e99c\" data-element_type=\"widget\" data-widget_type=\"bdt-event-grid.default\">\n\t\t\t\t<div class=\"elementor-widget-container\">\n\t\t\t\t\t<div id=\"ef6e99c\" class=\"bdt-event-grid bdt-event-calendar skin-default\">\n\t\t\t<div class=\"bdt-grid bdt-grid-medium bdt-child-width-1-1 bdt-child-width-1-2@s bdt-child-width-1-5@l\" bdt-grid>\n\n\t\t\t\t\t<div class=\"bdt-event-grid-item\">\n\n\t\t\t<div class=\"bdt-event-item-inner\">\n\n\t\t\t\t\n\t\t\t\t<div class=\"bdt-event-content\">\n\t\t\t\t\t<div class=\"bdt-event-intro\">\n\n\t\t\t\t\t\t\t\t<span class=\"bdt-event-date\">\n\t\t\t<a href=\"javascript:void(0);\" title=\"Start Date:fevereiro 14 @ 15:00  - End Date:fevereiro 14 @ 19:00\">\n\t\t\t\t<span class=\"bdt-event-day\">\n\t\t\t\t\t14\t\t\t\t<\/span>\n\t\t\t\t<span>\n\t\t\t\t\tfev\t\t\t\t<\/span>\n\t\t\t<\/a>\n\t\t<\/span>\n\t\n\t\t\t\t\t\t\n\t\t<h3 class=\"bdt-event-title-wrap\">\n\t\t\t<a href=\"https:\/\/ases-df.org.br\/novo\/event\/matine-carnavalesca\/\" class=\"bdt-event-title\">\n\t\t\t\tMatin\u00ea Carnavalesca\t\t\t<\/a>\n\t\t<\/h3>\n\t\n\t\t\t\t\t<\/div>\n\n\t\t\t\t\t\t\t<div class=\"bdt-event-excerpt\">\n\t\t\t\ud83c\udfad\u2728 Matin\u00ea de Carnaval 2026 abre o calend\u00e1rio do Clube Ases com alegria, m\u00fasica e&hellip;\n\t\t<\/div>\n\t\n\t\t\t\t<\/div>\n\n\t\t\t\t\n\t\t\n\t\n\t\t\t<\/div>\n\n\t\t<\/div>\n\t\t<div class=\"bdt-event-grid-item\">\n\n\t\t\t<div class=\"bdt-event-item-inner\">\n\n\t\t\t\t\n\t\t\t\t<div class=\"bdt-event-content\">\n\t\t\t\t\t<div class=\"bdt-event-intro\">\n\n\t\t\t\t\t\t\t\t<span class=\"bdt-event-date\">\n\t\t\t<a href=\"javascript:void(0);\" title=\"Start Date:mar\u00e7o 27 @ 21:00  - End Date:mar\u00e7o 27 @ 23:30\">\n\t\t\t\t<span class=\"bdt-event-day\">\n\t\t\t\t\t27\t\t\t\t<\/span>\n\t\t\t\t<span>\n\t\t\t\t\tmar\t\t\t\t<\/span>\n\t\t\t<\/a>\n\t\t<\/span>\n\t\n\t\t\t\t\t\t\n\t\t<h3 class=\"bdt-event-title-wrap\">\n\t\t\t<a href=\"https:\/\/ases-df.org.br\/novo\/event\/lh-e-banda\/\" class=\"bdt-event-title\">\n\t\t\t\tLH e Banda\t\t\t<\/a>\n\t\t<\/h3>\n\t\n\t\t\t\t\t<\/div>\n\n\t\t\t\t\t\t\t<div class=\"bdt-event-excerpt\">\n\t\t\t\ud83c\udfb6 LH e Banda no Clube Ases | Sexta-feira, 27\/03\/2026 | 21h \ud83d\udce7 Reservas (associados):&hellip;\n\t\t<\/div>\n\t\n\t\t\t\t<\/div>\n\n\t\t\t\t\n\t\t\n\t\n\t\t\t<\/div>\n\n\t\t<\/div>\n\t\t<div class=\"bdt-event-grid-item\">\n\n\t\t\t<div class=\"bdt-event-item-inner\">\n\n\t\t\t\t\n\t\t\t\t<div class=\"bdt-event-content\">\n\t\t\t\t\t<div class=\"bdt-event-intro\">\n\n\t\t\t\t\t\t\t\t<span class=\"bdt-event-date\">\n\t\t\t<a href=\"javascript:void(0);\" title=\"Start Date:mar\u00e7o 29 @ 09:00  - End Date:mar\u00e7o 29 @ 15:00\">\n\t\t\t\t<span class=\"bdt-event-day\">\n\t\t\t\t\t29\t\t\t\t<\/span>\n\t\t\t\t<span>\n\t\t\t\t\tmar\t\t\t\t<\/span>\n\t\t\t<\/a>\n\t\t<\/span>\n\t\n\t\t\t\t\t\t\n\t\t<h3 class=\"bdt-event-title-wrap\">\n\t\t\t<a href=\"https:\/\/ases-df.org.br\/novo\/event\/linda-mulher\/\" class=\"bdt-event-title\">\n\t\t\t\tLinda Mulher\t\t\t<\/a>\n\t\t<\/h3>\n\t\n\t\t\t\t\t<\/div>\n\n\t\t\t\t\t\t\t<div class=\"bdt-event-excerpt\">\n\t\t\t\u2728 Linda Mulher 2026 \u2013 Clube Ases \ud83d\udcc5 29\/03 | \u23f0 9h \u00e0s 15h |&hellip;\n\t\t<\/div>\n\t\n\t\t\t\t<\/div>\n\n\t\t\t\t\n\t\t\n\t\n\t\t\t<\/div>\n\n\t\t<\/div>\n\t\t<div class=\"bdt-event-grid-item\">\n\n\t\t\t<div class=\"bdt-event-item-inner\">\n\n\t\t\t\t\n\t\t\t\t<div class=\"bdt-event-content\">\n\t\t\t\t\t<div class=\"bdt-event-intro\">\n\n\t\t\t\t\t\t\t\t<span class=\"bdt-event-date\">\n\t\t\t<a href=\"javascript:void(0);\" title=\"Start Date:maio 8  - End Date:maio 8\">\n\t\t\t\t<span class=\"bdt-event-day\">\n\t\t\t\t\t08\t\t\t\t<\/span>\n\t\t\t\t<span>\n\t\t\t\t\tmaio\t\t\t\t<\/span>\n\t\t\t<\/a>\n\t\t<\/span>\n\t\n\t\t\t\t\t\t\n\t\t<h3 class=\"bdt-event-title-wrap\">\n\t\t\t<a href=\"https:\/\/ases-df.org.br\/novo\/event\/dia-das-maes\/\" class=\"bdt-event-title\">\n\t\t\t\tDia das M\u00e3es\t\t\t<\/a>\n\t\t<\/h3>\n\t\n\t\t\t\t\t<\/div>\n\n\t\t\t\t\t\t\t<div class=\"bdt-event-excerpt\">\n\t\t\t\n\t\t<\/div>\n\t\n\t\t\t\t<\/div>\n\n\t\t\t\t\n\t\t\n\t\n\t\t\t<\/div>\n\n\t\t<\/div>\n\t\t<div class=\"bdt-event-grid-item\">\n\n\t\t\t<div class=\"bdt-event-item-inner\">\n\n\t\t\t\t\n\t\t\t\t<div class=\"bdt-event-content\">\n\t\t\t\t\t<div class=\"bdt-event-intro\">\n\n\t\t\t\t\t\t\t\t<span class=\"bdt-event-date\">\n\t\t\t<a href=\"javascript:void(0);\" title=\"Start Date:junho 12  - End Date:junho 12\">\n\t\t\t\t<span class=\"bdt-event-day\">\n\t\t\t\t\t12\t\t\t\t<\/span>\n\t\t\t\t<span>\n\t\t\t\t\tjun\t\t\t\t<\/span>\n\t\t\t<\/a>\n\t\t<\/span>\n\t\n\t\t\t\t\t\t\n\t\t<h3 class=\"bdt-event-title-wrap\">\n\t\t\t<a href=\"https:\/\/ases-df.org.br\/novo\/event\/noite-com-vinhos-dia-dos-namorados\/\" class=\"bdt-event-title\">\n\t\t\t\tNoite com vinhos &#8211; Dia dos Namorados\t\t\t<\/a>\n\t\t<\/h3>\n\t\n\t\t\t\t\t<\/div>\n\n\t\t\t\t\t\t\t<div class=\"bdt-event-excerpt\">\n\t\t\t\n\t\t<\/div>\n\t\n\t\t\t\t<\/div>\n\n\t\t\t\t\n\t\t\n\t\n\t\t\t<\/div>\n\n\t\t<\/div>\n\t\t<div class=\"bdt-event-grid-item\">\n\n\t\t\t<div class=\"bdt-event-item-inner\">\n\n\t\t\t\t\n\t\t\t\t<div class=\"bdt-event-content\">\n\t\t\t\t\t<div class=\"bdt-event-intro\">\n\n\t\t\t\t\t\t\t\t<span class=\"bdt-event-date\">\n\t\t\t<a href=\"javascript:void(0);\" title=\"Start Date:junho 27  - End Date:junho 27\">\n\t\t\t\t<span class=\"bdt-event-day\">\n\t\t\t\t\t27\t\t\t\t<\/span>\n\t\t\t\t<span>\n\t\t\t\t\tjun\t\t\t\t<\/span>\n\t\t\t<\/a>\n\t\t<\/span>\n\t\n\t\t\t\t\t\t\n\t\t<h3 class=\"bdt-event-title-wrap\">\n\t\t\t<a href=\"https:\/\/ases-df.org.br\/novo\/event\/festa-de-sao-joao\/\" class=\"bdt-event-title\">\n\t\t\t\tFesta de S\u00e3o Jo\u00e3o\t\t\t<\/a>\n\t\t<\/h3>\n\t\n\t\t\t\t\t<\/div>\n\n\t\t\t\t\t\t\t<div class=\"bdt-event-excerpt\">\n\t\t\t\n\t\t<\/div>\n\t\n\t\t\t\t<\/div>\n\n\t\t\t\t\n\t\t\n\t\n\t\t\t<\/div>\n\n\t\t<\/div>\n\t\t<div class=\"bdt-event-grid-item\">\n\n\t\t\t<div class=\"bdt-event-item-inner\">\n\n\t\t\t\t\n\t\t\t\t<div class=\"bdt-event-content\">\n\t\t\t\t\t<div class=\"bdt-event-intro\">\n\n\t\t\t\t\t\t\t\t<span class=\"bdt-event-date\">\n\t\t\t<a href=\"javascript:void(0);\" title=\"Start Date:agosto 7  - End Date:agosto 7\">\n\t\t\t\t<span class=\"bdt-event-day\">\n\t\t\t\t\t07\t\t\t\t<\/span>\n\t\t\t\t<span>\n\t\t\t\t\tago\t\t\t\t<\/span>\n\t\t\t<\/a>\n\t\t<\/span>\n\t\n\t\t\t\t\t\t\n\t\t<h3 class=\"bdt-event-title-wrap\">\n\t\t\t<a href=\"https:\/\/ases-df.org.br\/novo\/event\/dia-dos-pais\/\" class=\"bdt-event-title\">\n\t\t\t\tDia dos Pais\t\t\t<\/a>\n\t\t<\/h3>\n\t\n\t\t\t\t\t<\/div>\n\n\t\t\t\t\t\t\t<div class=\"bdt-event-excerpt\">\n\t\t\t\n\t\t<\/div>\n\t\n\t\t\t\t<\/div>\n\n\t\t\t\t\n\t\t\n\t\n\t\t\t<\/div>\n\n\t\t<\/div>\n\t\t<div class=\"bdt-event-grid-item\">\n\n\t\t\t<div class=\"bdt-event-item-inner\">\n\n\t\t\t\t\n\t\t\t\t<div class=\"bdt-event-content\">\n\t\t\t\t\t<div class=\"bdt-event-intro\">\n\n\t\t\t\t\t\t\t\t<span class=\"bdt-event-date\">\n\t\t\t<a href=\"javascript:void(0);\" title=\"Start Date:outubro 12  - End Date:outubro 12\">\n\t\t\t\t<span class=\"bdt-event-day\">\n\t\t\t\t\t12\t\t\t\t<\/span>\n\t\t\t\t<span>\n\t\t\t\t\tout\t\t\t\t<\/span>\n\t\t\t<\/a>\n\t\t<\/span>\n\t\n\t\t\t\t\t\t\n\t\t<h3 class=\"bdt-event-title-wrap\">\n\t\t\t<a href=\"https:\/\/ases-df.org.br\/novo\/event\/dia-das-criancas\/\" class=\"bdt-event-title\">\n\t\t\t\tDia das Crian\u00e7as\t\t\t<\/a>\n\t\t<\/h3>\n\t\n\t\t\t\t\t<\/div>\n\n\t\t\t\t\t\t\t<div class=\"bdt-event-excerpt\">\n\t\t\t\n\t\t<\/div>\n\t\n\t\t\t\t<\/div>\n\n\t\t\t\t\n\t\t\n\t\n\t\t\t<\/div>\n\n\t\t<\/div>\n\t\t<div class=\"bdt-event-grid-item\">\n\n\t\t\t<div class=\"bdt-event-item-inner\">\n\n\t\t\t\t\n\t\t\t\t<div class=\"bdt-event-content\">\n\t\t\t\t\t<div class=\"bdt-event-intro\">\n\n\t\t\t\t\t\t\t\t<span class=\"bdt-event-date\">\n\t\t\t<a href=\"javascript:void(0);\" title=\"Start Date:outubro 31  - End Date:outubro 31\">\n\t\t\t\t<span class=\"bdt-event-day\">\n\t\t\t\t\t31\t\t\t\t<\/span>\n\t\t\t\t<span>\n\t\t\t\t\tout\t\t\t\t<\/span>\n\t\t\t<\/a>\n\t\t<\/span>\n\t\n\t\t\t\t\t\t\n\t\t<h3 class=\"bdt-event-title-wrap\">\n\t\t\t<a href=\"https:\/\/ases-df.org.br\/novo\/event\/outubro-rosa\/\" class=\"bdt-event-title\">\n\t\t\t\tOutubro Rosa\t\t\t<\/a>\n\t\t<\/h3>\n\t\n\t\t\t\t\t<\/div>\n\n\t\t\t\t\t\t\t<div class=\"bdt-event-excerpt\">\n\t\t\t\n\t\t<\/div>\n\t\n\t\t\t\t<\/div>\n\n\t\t\t\t\n\t\t\n\t\n\t\t\t<\/div>\n\n\t\t<\/div>\n\t\t<div class=\"bdt-event-grid-item\">\n\n\t\t\t<div class=\"bdt-event-item-inner\">\n\n\t\t\t\t\n\t\t\t\t<div class=\"bdt-event-content\">\n\t\t\t\t\t<div class=\"bdt-event-intro\">\n\n\t\t\t\t\t\t\t\t<span class=\"bdt-event-date\">\n\t\t\t<a href=\"javascript:void(0);\" title=\"Start Date:novembro 28  - End Date:novembro 28\">\n\t\t\t\t<span class=\"bdt-event-day\">\n\t\t\t\t\t28\t\t\t\t<\/span>\n\t\t\t\t<span>\n\t\t\t\t\tnov\t\t\t\t<\/span>\n\t\t\t<\/a>\n\t\t<\/span>\n\t\n\t\t\t\t\t\t\n\t\t<h3 class=\"bdt-event-title-wrap\">\n\t\t\t<a href=\"https:\/\/ases-df.org.br\/novo\/event\/novembro-azul\/\" class=\"bdt-event-title\">\n\t\t\t\tNovembro Azul\t\t\t<\/a>\n\t\t<\/h3>\n\t\n\t\t\t\t\t<\/div>\n\n\t\t\t\t\t\t\t<div class=\"bdt-event-excerpt\">\n\t\t\t\n\t\t<\/div>\n\t\n\t\t\t\t<\/div>\n\n\t\t\t\t\n\t\t\n\t\n\t\t\t<\/div>\n\n\t\t<\/div>\n\n\t\t\t<\/div>\n\t\t<\/div>\n\t\t\t<\/div>\n\t\t\t\t<\/div>\n\t\t\t\t\t<\/div>\n\t\t<\/div>\n\t\t\t\t\t<\/div>\n\t\t<\/section>\n\t\t\t\t<section class=\"elementor-section elementor-top-section elementor-element elementor-element-1169b6c elementor-section-boxed elementor-section-height-default elementor-section-height-default parallax_section_no qode_elementor_container_no\" data-id=\"1169b6c\" data-element_type=\"section\">\n\t\t\t\t\t\t<div class=\"elementor-container elementor-column-gap-default\">\n\t\t\t\t\t<div class=\"elementor-column elementor-col-100 elementor-top-column elementor-element elementor-element-a508402\" data-id=\"a508402\" data-element_type=\"column\">\n\t\t\t<div class=\"elementor-widget-wrap elementor-element-populated\">\n\t\t\t\t\t\t<div class=\"elementor-element elementor-element-13941eb elementor-widget elementor-widget-heading\" data-id=\"13941eb\" data-element_type=\"widget\" data-widget_type=\"heading.default\">\n\t\t\t\t<div class=\"elementor-widget-container\">\n\t\t\t<h2 class=\"elementor-heading-title elementor-size-default\">Confira alguns clics dos nossos eventos!<\/h2>\t\t<\/div>\n\t\t\t\t<\/div>\n\t\t\t\t<div class=\"elementor-element elementor-element-c08c9fe elementor-widget__width-initial elementor-widget elementor-widget-bridge_image_gallery\" data-id=\"c08c9fe\" data-element_type=\"widget\" data-widget_type=\"bridge_image_gallery.default\">\n\t\t\t\t<div class=\"elementor-widget-container\">\n\t\t\t<div class=\"qode-image-gallery\"><div class=\"qode-image-gallery-inner\"><div class=\"qode-image-gallery-slides drag_enabled flexslider_fade flexslider\" data-interval=\"3\" data-flex_fx=\"fade\"data-direction=\"true\"data-drag=\"true\"><ul class=\"slides\"><li><img decoding=\"async\" src=\"https:\/\/ases-df.org.br\/novo\/wp-content\/uploads\/2026\/03\/54364070933_12d2c43936_b-txh.jpg\" alt=\"\" width=\"t\" height=\"h\" \/><\/li><li><img decoding=\"async\" src=\"https:\/\/ases-df.org.br\/novo\/wp-content\/uploads\/2026\/03\/54427162250_2b5a39333c_b-txh.jpg\" alt=\"\" width=\"t\" height=\"h\" \/><\/li><li><img decoding=\"async\" src=\"https:\/\/ases-df.org.br\/novo\/wp-content\/uploads\/2026\/03\/54515260418_8f3aefbc6a_b-txh.jpg\" alt=\"\" width=\"t\" height=\"h\" \/><\/li><li><img decoding=\"async\" src=\"https:\/\/ases-df.org.br\/novo\/wp-content\/uploads\/2026\/03\/54552602500_6ee830b767_b-txh.jpg\" alt=\"\" width=\"t\" height=\"h\" \/><\/li><li><img decoding=\"async\" src=\"https:\/\/ases-df.org.br\/novo\/wp-content\/uploads\/2026\/03\/54593389971_f398829a27_b-txh.jpg\" alt=\"\" width=\"t\" height=\"h\" \/><\/li><li><img decoding=\"async\" src=\"https:\/\/ases-df.org.br\/novo\/wp-content\/uploads\/2026\/03\/54719876555_27057860b5_b-txh.jpg\" alt=\"\" width=\"t\" height=\"h\" \/><\/li><li><img decoding=\"async\" src=\"https:\/\/ases-df.org.br\/novo\/wp-content\/uploads\/2026\/03\/54853291498_e9d937c178_b-txh.jpg\" alt=\"\" width=\"t\" height=\"h\" \/><\/li><\/div><\/div><\/div>\t\t<\/div>\n\t\t\t\t<\/div>\n\t\t\t\t<div class=\"elementor-element elementor-element-e3b6f32 elementor-align-center elementor-widget elementor-widget-button\" data-id=\"e3b6f32\" data-element_type=\"widget\" data-widget_type=\"button.default\">\n\t\t\t\t<div class=\"elementor-widget-container\">\n\t\t\t\t\t<div class=\"elementor-button-wrapper\">\n\t\t\t<a class=\"elementor-button elementor-button-link elementor-size-sm\" href=\"https:\/\/www.flickr.com\/photos\/202335722@N02\/albums\/\" target=\"_blank\">\n\t\t\t\t\t\t<span class=\"elementor-button-content-wrapper\">\n\t\t\t\t\t\t\t\t\t<span class=\"elementor-button-text\">Confira nosso flickr<\/span>\n\t\t\t\t\t<\/span>\n\t\t\t\t\t<\/a>\n\t\t<\/div>\n\t\t\t\t<\/div>\n\t\t\t\t<\/div>\n\t\t\t\t\t<\/div>\n\t\t<\/div>\n\t\t\t\t\t<\/div>\n\t\t<\/section>\n\t\t\t\t<\/div>\n\t\t","protected":false},"excerpt":{"rendered":"<p>Veja aqui os eventos de 2026 14 fev Matin\u00ea Carnavalesca \ud83c\udfad\u2728 Matin\u00ea de Carnaval 2026 abre o calend\u00e1rio do Clube Ases com alegria, m\u00fasica e&hellip; 27 mar LH e Banda \ud83c\udfb6 LH e Banda no Clube Ases | Sexta-feira, 27\/03\/2026 | 21h \ud83d\udce7 Reservas (associados):&hellip;&#8230;<\/p>\n","protected":false},"author":3,"featured_media":0,"parent":0,"menu_order":0,"comment_status":"closed","ping_status":"closed","template":"elementor_header_footer","meta":{"footnotes":""},"_links":{"self":[{"href":"https:\/\/ases-df.org.br\/novo\/wp-json\/wp\/v2\/pages\/25209"}],"collection":[{"href":"https:\/\/ases-df.org.br\/novo\/wp-json\/wp\/v2\/pages"}],"about":[{"href":"https:\/\/ases-df.org.br\/novo\/wp-json\/wp\/v2\/types\/page"}],"author":[{"embeddable":true,"href":"https:\/\/ases-df.org.br\/novo\/wp-json\/wp\/v2\/users\/3"}],"replies":[{"embeddable":true,"href":"https:\/\/ases-df.org.br\/novo\/wp-json\/wp\/v2\/comments?post=25209"}],"version-history":[{"count":41,"href":"https:\/\/ases-df.org.br\/novo\/wp-json\/wp\/v2\/pages\/25209\/revisions"}],"predecessor-version":[{"id":25906,"href":"https:\/\/ases-df.org.br\/novo\/wp-json\/wp\/v2\/pages\/25209\/revisions\/25906"}],"wp:attachment":[{"href":"https:\/\/ases-df.org.br\/novo\/wp-json\/wp\/v2\/media?parent=25209"}],"curies":[{"name":"wp","href":"https:\/\/api.w.org\/{rel}","templated":true}]}}