{"id":326,"date":"2019-12-04T17:53:11","date_gmt":"2019-12-04T19:53:11","guid":{"rendered":"http:\/\/ases-df.org.br\/novo\/?page_id=326"},"modified":"2025-09-11T08:00:43","modified_gmt":"2025-09-11T11:00:43","slug":"quadrasdetenis","status":"publish","type":"page","link":"https:\/\/ases-df.org.br\/novo\/quadrasdetenis\/","title":{"rendered":"Quadras de T\u00eanis"},"content":{"rendered":"\t\t<div data-elementor-type=\"wp-page\" data-elementor-id=\"326\" class=\"elementor elementor-326\">\n\t\t\t\t\t\t<section class=\"elementor-section elementor-top-section elementor-element elementor-element-90dc73a elementor-section-boxed elementor-section-height-default elementor-section-height-default parallax_section_no qode_elementor_container_no\" data-id=\"90dc73a\" data-element_type=\"section\" data-settings=\"{&quot;background_background&quot;:&quot;classic&quot;}\">\n\t\t\t\t\t\t\t<div class=\"elementor-background-overlay\"><\/div>\n\t\t\t\t\t\t\t<div class=\"elementor-container elementor-column-gap-default\">\n\t\t\t\t\t<div class=\"elementor-column elementor-col-100 elementor-top-column elementor-element elementor-element-821e79d\" data-id=\"821e79d\" data-element_type=\"column\">\n\t\t\t<div class=\"elementor-widget-wrap elementor-element-populated\">\n\t\t\t\t\t\t<div class=\"elementor-element elementor-element-b2c87b7 elementor-align-center elementor-icon-list--layout-traditional elementor-list-item-link-full_width elementor-widget elementor-widget-icon-list\" data-id=\"b2c87b7\" data-element_type=\"widget\" data-widget_type=\"icon-list.default\">\n\t\t\t\t<div class=\"elementor-widget-container\">\n\t\t\t\t\t<ul class=\"elementor-icon-list-items\">\n\t\t\t\t\t\t\t<li class=\"elementor-icon-list-item\">\n\t\t\t\t\t\t\t\t\t\t\t<span class=\"elementor-icon-list-icon\">\n\t\t\t\t\t\t\t<svg xmlns=\"http:\/\/www.w3.org\/2000\/svg\" xmlns:xlink=\"http:\/\/www.w3.org\/1999\/xlink\" id=\"Layer_1\" x=\"0px\" y=\"0px\" viewBox=\"0 0 120.9 120.9\" style=\"enable-background:new 0 0 120.9 120.9;\" xml:space=\"preserve\"><style type=\"text\/css\">\t.st0{fill-rule:evenodd;clip-rule:evenodd;fill:#FFFFFF;}<\/style><path class=\"st0\" d=\"M18.3,81.6c-0.4-0.1-0.9-0.2-1.3-0.3c-0.3,4.9-0.7,21.5-0.9,35.9c4.2,2.3,8.9,3.6,14,3.7  c-3.7-13.4-8.7-30.6-11.2-39.1C18.7,81.7,18.5,81.7,18.3,81.6L18.3,81.6z M87.1,44.6c2.7-0.2,5.3-1.5,7.4-3.7  c2.1-2.1,3.4-4.8,3.7-7.4c0.2-2.4-0.5-4.6-1.9-6.1c-1.5-1.5-3.6-2.2-6.1-1.9c-2.7,0.2-5.3,1.5-7.4,3.7c-2.1,2.1-3.4,4.8-3.7,7.4  c-0.2,2.4,0.5,4.6,1.9,6.1C82.5,44.2,84.6,44.8,87.1,44.6L87.1,44.6z M90.5,0c16.9,0,30.6,13.7,30.6,30.6v59.7  c0,16.9-13.7,30.6-30.6,30.6H43.4c-3.4-12.2-7.8-27.5-11.1-38.1c1.4-4.3,3.4-10.9,5.7-19.5c0.2-0.7,0.4-1.5,0.6-2.2  c1.3,3.7,2.5,6.2,3.3,6.6c1.7,1,7.3,0.2,25.3-4.7c1.1-0.3,1.4-2.5,1.1-4.7c1.3-1.3,3.2-3.1,5.4-5.3c2.9-2.9,5.1-5.2,6.3-6.5  c4.8,3.2,12,2,17-3c5.6-5.6,6.4-14,1.7-18.6c-4.7-4.7-13-3.9-18.6,1.7c-5,5-6.2,12.2-3,17c-1.3,1.2-3.6,3.4-6.5,6.3  c-1.6,1.6-2.9,2.9-4,4.1c-0.6-0.7-1.3-1.1-2.2-0.9c-12.7,3.4-11.1,2.6-16.6,3.7c-0.6-1.8-1.4-4.1-2.2-6.8c8.4,0.1,17.1,0.1,23.7,0.1  c3.5,0,3.7-10.2,0-10.2c-8.6,0-23-0.3-33.4-0.7c-1-0.3-2-0.6-3-0.9c5.1-0.3,9.5-3.4,10.7-8.1c1.6-6-2.5-12.3-9.2-14.1  c-6.7-1.8-13.4,1.6-15,7.6c-1.3,4.7,1,9.7,5.4,12.5c-3.2-0.8-5.9-1.4-7.9-1.8c-1.5,4.2-3.7,11.5-6.4,21.5c-2.5,9.2-4.1,16.3-5,20.7  C4.6,77.7,4,90.3,3.7,104.5c-2.2-4.2-3.5-9.1-3.5-14.2V30.6C0.2,13.7,13.9,0,30.8,0H90.5L90.5,0z M78.2,87.7c2.9,0,5.3-2.1,5.3-4.8  c0-2.6-2.4-4.8-5.3-4.8c-2.9,0-5.3,2.1-5.3,4.8C72.9,85.6,75.2,87.7,78.2,87.7z\"><\/path><\/svg>\t\t\t\t\t\t<\/span>\n\t\t\t\t\t\t\t\t\t\t<span class=\"elementor-icon-list-text\">Quadras de T\u00eanis<\/span>\n\t\t\t\t\t\t\t\t\t<\/li>\n\t\t\t\t\t\t<\/ul>\n\t\t\t\t<\/div>\n\t\t\t\t<\/div>\n\t\t\t\t\t<\/div>\n\t\t<\/div>\n\t\t\t\t\t<\/div>\n\t\t<\/section>\n\t\t\t\t<section class=\"elementor-section elementor-top-section elementor-element elementor-element-1018ec3 elementor-section-height-min-height elementor-section-content-middle elementor-section-boxed elementor-section-height-default elementor-section-items-middle parallax_section_no qode_elementor_container_no\" data-id=\"1018ec3\" data-element_type=\"section\" data-settings=\"{&quot;background_background&quot;:&quot;classic&quot;}\">\n\t\t\t\t\t\t\t<div class=\"elementor-background-overlay\"><\/div>\n\t\t\t\t\t\t\t<div class=\"elementor-container elementor-column-gap-default\">\n\t\t\t\t\t<div class=\"elementor-column elementor-col-100 elementor-top-column elementor-element elementor-element-3459b4e\" data-id=\"3459b4e\" data-element_type=\"column\">\n\t\t\t<div class=\"elementor-widget-wrap\">\n\t\t\t\t\t\t\t<\/div>\n\t\t<\/div>\n\t\t\t\t\t<\/div>\n\t\t<\/section>\n\t\t\t\t<section class=\"elementor-section elementor-top-section elementor-element elementor-element-a86c302 elementor-section-boxed elementor-section-height-default elementor-section-height-default parallax_section_no qode_elementor_container_no\" data-id=\"a86c302\" data-element_type=\"section\">\n\t\t\t\t\t\t<div class=\"elementor-container elementor-column-gap-default\">\n\t\t\t\t\t<div class=\"elementor-column elementor-col-100 elementor-top-column elementor-element elementor-element-4b61617\" data-id=\"4b61617\" data-element_type=\"column\">\n\t\t\t<div class=\"elementor-widget-wrap elementor-element-populated\">\n\t\t\t\t\t\t<div class=\"elementor-element elementor-element-439e785 elementor-widget elementor-widget-heading\" data-id=\"439e785\" data-element_type=\"widget\" data-widget_type=\"heading.default\">\n\t\t\t\t<div class=\"elementor-widget-container\">\n\t\t\t<p class=\"elementor-heading-title elementor-size-default\">A pr\u00e1tica do t\u00eanis com muita emo\u00e7\u00e3o e divers\u00e3o<\/p>\t\t<\/div>\n\t\t\t\t<\/div>\n\t\t\t\t<div class=\"elementor-element elementor-element-0edbfa0 elementor-widget elementor-widget-text-editor\" data-id=\"0edbfa0\" data-element_type=\"widget\" data-widget_type=\"text-editor.default\">\n\t\t\t\t<div class=\"elementor-widget-container\">\n\t\t\t\t\t\t\t<p>Um dos espa\u00e7os de que a Ases-DF mais se orgulha de ter em suas depend\u00eancias \u00e9 o complexo de t\u00eanis do clube. Constru\u00eddas para proporcionar um espa\u00e7o para a pr\u00e1tica de t\u00eanis pelos associados, hoje o espa\u00e7o \u00e9 utilizado por adeptos do esporte (associados ou n\u00e3o) inscritos em campeonatos regionais de simples, duplas e duplas mistas (Campeonatos Barragem). O espa\u00e7o est\u00e1 pronto para a realiza\u00e7\u00e3o de aulas da modalidade, dispondo de todo o equipamento esportivo necess\u00e1rio. O complexo conta com 6 (seis) quadras de padr\u00e3o oficial, sendo duas de piso r\u00e1pido (asf\u00e1ltico) e 4 (quatro) de saibro, todas com ilumina\u00e7\u00e3o para jogos noturnos.<\/p>\t\t\t\t\t\t<\/div>\n\t\t\t\t<\/div>\n\t\t\t\t\t<\/div>\n\t\t<\/div>\n\t\t\t\t\t<\/div>\n\t\t<\/section>\n\t\t\t\t<section class=\"elementor-section elementor-top-section elementor-element elementor-element-aa4eb40 elementor-section-boxed elementor-section-height-default elementor-section-height-default parallax_section_no qode_elementor_container_no\" data-id=\"aa4eb40\" data-element_type=\"section\" data-settings=\"{&quot;background_background&quot;:&quot;classic&quot;}\">\n\t\t\t\t\t\t<div class=\"elementor-container elementor-column-gap-default\">\n\t\t\t\t\t<div class=\"elementor-column elementor-col-100 elementor-top-column elementor-element elementor-element-4670fd7\" data-id=\"4670fd7\" data-element_type=\"column\">\n\t\t\t<div class=\"elementor-widget-wrap elementor-element-populated\">\n\t\t\t\t\t\t<section class=\"elementor-section elementor-inner-section elementor-element elementor-element-974700f elementor-section-boxed elementor-section-height-default elementor-section-height-default parallax_section_no qode_elementor_container_no\" data-id=\"974700f\" data-element_type=\"section\">\n\t\t\t\t\t\t<div class=\"elementor-container elementor-column-gap-default\">\n\t\t\t\t\t<div class=\"elementor-column elementor-col-33 elementor-inner-column elementor-element elementor-element-2d8749e\" data-id=\"2d8749e\" data-element_type=\"column\" data-settings=\"{&quot;background_background&quot;:&quot;classic&quot;}\">\n\t\t\t<div class=\"elementor-widget-wrap elementor-element-populated\">\n\t\t\t\t\t\t<div class=\"elementor-element elementor-element-d8009a0 elementor-widget elementor-widget-heading\" data-id=\"d8009a0\" data-element_type=\"widget\" data-widget_type=\"heading.default\">\n\t\t\t\t<div class=\"elementor-widget-container\">\n\t\t\t<p class=\"elementor-heading-title elementor-size-default\">Normas de funcionamento:<\/p>\t\t<\/div>\n\t\t\t\t<\/div>\n\t\t\t\t<div class=\"elementor-element elementor-element-3443358 elementor-align-center elementor-widget elementor-widget-button\" data-id=\"3443358\" data-element_type=\"widget\" data-widget_type=\"button.default\">\n\t\t\t\t<div class=\"elementor-widget-container\">\n\t\t\t\t\t<div class=\"elementor-button-wrapper\">\n\t\t\t<a class=\"elementor-button elementor-button-link elementor-size-md elementor-animation-pulse-grow\" href=\"https:\/\/ases-df.org.br\/novo\/wp-content\/uploads\/2025\/07\/Norma-Qudras-de-Tenis-v2-25.06.25.pdf\">\n\t\t\t\t\t\t<span class=\"elementor-button-content-wrapper\">\n\t\t\t\t\t\t<span class=\"elementor-button-icon\">\n\t\t\t\t<i aria-hidden=\"true\" class=\"far fa-file-pdf\"><\/i>\t\t\t<\/span>\n\t\t\t\t\t\t\t\t\t<span class=\"elementor-button-text\">Acessar<\/span>\n\t\t\t\t\t<\/span>\n\t\t\t\t\t<\/a>\n\t\t<\/div>\n\t\t\t\t<\/div>\n\t\t\t\t<\/div>\n\t\t\t\t\t<\/div>\n\t\t<\/div>\n\t\t\t\t<div class=\"elementor-column elementor-col-33 elementor-inner-column elementor-element elementor-element-69362e3\" data-id=\"69362e3\" data-element_type=\"column\" data-settings=\"{&quot;background_background&quot;:&quot;classic&quot;}\">\n\t\t\t<div class=\"elementor-widget-wrap elementor-element-populated\">\n\t\t\t\t\t\t<div class=\"elementor-element elementor-element-a59de6d elementor-widget elementor-widget-heading\" data-id=\"a59de6d\" data-element_type=\"widget\" data-widget_type=\"heading.default\">\n\t\t\t\t<div class=\"elementor-widget-container\">\n\t\t\t<p class=\"elementor-heading-title elementor-size-default\">Professor<\/p>\t\t<\/div>\n\t\t\t\t<\/div>\n\t\t\t\t<div class=\"elementor-element elementor-element-396529e elementor-align-center elementor-widget elementor-widget-button\" data-id=\"396529e\" data-element_type=\"widget\" data-widget_type=\"button.default\">\n\t\t\t\t<div class=\"elementor-widget-container\">\n\t\t\t\t\t<div class=\"elementor-button-wrapper\">\n\t\t\t<a class=\"elementor-button elementor-button-link elementor-size-md elementor-animation-pulse-grow\" href=\"#\">\n\t\t\t\t\t\t<span class=\"elementor-button-content-wrapper\">\n\t\t\t\t\t\t<span class=\"elementor-button-icon\">\n\t\t\t\t<i aria-hidden=\"true\" class=\"fas fa-phone-alt\"><\/i>\t\t\t<\/span>\n\t\t\t\t\t\t\t\t\t<span class=\"elementor-button-text\">0000-0000<\/span>\n\t\t\t\t\t<\/span>\n\t\t\t\t\t<\/a>\n\t\t<\/div>\n\t\t\t\t<\/div>\n\t\t\t\t<\/div>\n\t\t\t\t\t<\/div>\n\t\t<\/div>\n\t\t\t\t<div class=\"elementor-column elementor-col-33 elementor-inner-column elementor-element elementor-element-a15c3fa\" data-id=\"a15c3fa\" data-element_type=\"column\" data-settings=\"{&quot;background_background&quot;:&quot;classic&quot;}\">\n\t\t\t<div class=\"elementor-widget-wrap elementor-element-populated\">\n\t\t\t\t\t\t<div class=\"elementor-element elementor-element-346f216 elementor-widget elementor-widget-heading\" data-id=\"346f216\" data-element_type=\"widget\" data-widget_type=\"heading.default\">\n\t\t\t\t<div class=\"elementor-widget-container\">\n\t\t\t<p class=\"elementor-heading-title elementor-size-default\">Reservas<\/p>\t\t<\/div>\n\t\t\t\t<\/div>\n\t\t\t\t<div class=\"elementor-element elementor-element-a9c13a7 elementor-align-center elementor-widget elementor-widget-button\" data-id=\"a9c13a7\" data-element_type=\"widget\" data-widget_type=\"button.default\">\n\t\t\t\t<div class=\"elementor-widget-container\">\n\t\t\t\t\t<div class=\"elementor-button-wrapper\">\n\t\t\t<a class=\"elementor-button elementor-button-link elementor-size-md elementor-animation-pulse-grow\" href=\"https:\/\/api.whatsapp.com\/send?phone=556196553757&#038;text=Ol\u00e1%20gostaria%20de%20reservar%20a%20quadra%20de%20T\u00eanis\">\n\t\t\t\t\t\t<span class=\"elementor-button-content-wrapper\">\n\t\t\t\t\t\t<span class=\"elementor-button-icon\">\n\t\t\t\t<i aria-hidden=\"true\" class=\"far fa-folder\"><\/i>\t\t\t<\/span>\n\t\t\t\t\t\t\t\t\t<span class=\"elementor-button-text\">Acessar<\/span>\n\t\t\t\t\t<\/span>\n\t\t\t\t\t<\/a>\n\t\t<\/div>\n\t\t\t\t<\/div>\n\t\t\t\t<\/div>\n\t\t\t\t\t<\/div>\n\t\t<\/div>\n\t\t\t\t\t<\/div>\n\t\t<\/section>\n\t\t\t\t\t<\/div>\n\t\t<\/div>\n\t\t\t\t\t<\/div>\n\t\t<\/section>\n\t\t\t\t<section class=\"elementor-section elementor-top-section elementor-element elementor-element-8ca61b4 elementor-section-full_width elementor-section-height-default elementor-section-height-default parallax_section_no qode_elementor_container_no elementor-invisible\" data-id=\"8ca61b4\" data-element_type=\"section\" data-settings=\"{&quot;animation&quot;:&quot;fadeInUp&quot;}\">\n\t\t\t\t\t\t<div class=\"elementor-container elementor-column-gap-default\">\n\t\t\t\t\t<div class=\"elementor-column elementor-col-100 elementor-top-column elementor-element elementor-element-266da70\" data-id=\"266da70\" data-element_type=\"column\">\n\t\t\t<div class=\"elementor-widget-wrap elementor-element-populated\">\n\t\t\t\t\t\t<div class=\"elementor-element elementor-element-72d4050 elementor-widget elementor-widget-bridge_advanced_image_gallery\" data-id=\"72d4050\" data-element_type=\"widget\" data-widget_type=\"bridge_advanced_image_gallery.default\">\n\t\t\t\t<div class=\"elementor-widget-container\">\n\t\t\t<div class=\"qode-advanced-image-gallery  qode-aig-grid-type qode-no-space  qode-image-behavior-zoom \">\n\t<div class=\"qode-aig-inner qode-outer-space qode-aig-grid qode-aig-three-columns\">\n\t\t\t\t\t<div class=\"qode-aig-image qode-item-space\">\n\t\t\t\t<div class=\"qode-aig-image-inner\">\n\t\t\t\t\t\t\t\t\t\t\t<img fetchpriority=\"high\" decoding=\"async\" width=\"975\" height=\"733\" src=\"https:\/\/ases-df.org.br\/novo\/wp-content\/uploads\/2020\/06\/tenis7.png\" class=\"attachment-large size-large\" alt=\"\" srcset=\"https:\/\/ases-df.org.br\/novo\/wp-content\/uploads\/2020\/06\/tenis7.png 975w, https:\/\/ases-df.org.br\/novo\/wp-content\/uploads\/2020\/06\/tenis7-300x226.png 300w, https:\/\/ases-df.org.br\/novo\/wp-content\/uploads\/2020\/06\/tenis7-768x577.png 768w, https:\/\/ases-df.org.br\/novo\/wp-content\/uploads\/2020\/06\/tenis7-800x600.png 800w, https:\/\/ases-df.org.br\/novo\/wp-content\/uploads\/2020\/06\/tenis7-700x526.png 700w\" sizes=\"(max-width: 975px) 100vw, 975px\" \/>\t\t\t\t\t\t<span class=\"aig-gallery-hover\">\n\t\t\t\t\t\t\t\t\t\t\t\t\t<\/span>\n\t\t\t\t\t\t\t\t\t<\/div>\n\t\t\t<\/div>\n\t\t\t\t\t<div class=\"qode-aig-image qode-item-space\">\n\t\t\t\t<div class=\"qode-aig-image-inner\">\n\t\t\t\t\t\t\t\t\t\t\t<img decoding=\"async\" width=\"975\" height=\"733\" src=\"https:\/\/ases-df.org.br\/novo\/wp-content\/uploads\/2020\/06\/quadra6.png\" class=\"attachment-large size-large\" alt=\"\" srcset=\"https:\/\/ases-df.org.br\/novo\/wp-content\/uploads\/2020\/06\/quadra6.png 975w, https:\/\/ases-df.org.br\/novo\/wp-content\/uploads\/2020\/06\/quadra6-300x226.png 300w, https:\/\/ases-df.org.br\/novo\/wp-content\/uploads\/2020\/06\/quadra6-768x577.png 768w, https:\/\/ases-df.org.br\/novo\/wp-content\/uploads\/2020\/06\/quadra6-800x600.png 800w, https:\/\/ases-df.org.br\/novo\/wp-content\/uploads\/2020\/06\/quadra6-700x526.png 700w\" sizes=\"(max-width: 975px) 100vw, 975px\" \/>\t\t\t\t\t\t<span class=\"aig-gallery-hover\">\n\t\t\t\t\t\t\t\t\t\t\t\t\t<\/span>\n\t\t\t\t\t\t\t\t\t<\/div>\n\t\t\t<\/div>\n\t\t\t\t\t<div class=\"qode-aig-image qode-item-space\">\n\t\t\t\t<div class=\"qode-aig-image-inner\">\n\t\t\t\t\t\t\t\t\t\t\t<img decoding=\"async\" width=\"975\" height=\"733\" src=\"https:\/\/ases-df.org.br\/novo\/wp-content\/uploads\/2020\/06\/quadra5.png\" class=\"attachment-large size-large\" alt=\"\" srcset=\"https:\/\/ases-df.org.br\/novo\/wp-content\/uploads\/2020\/06\/quadra5.png 975w, https:\/\/ases-df.org.br\/novo\/wp-content\/uploads\/2020\/06\/quadra5-300x226.png 300w, https:\/\/ases-df.org.br\/novo\/wp-content\/uploads\/2020\/06\/quadra5-768x577.png 768w, https:\/\/ases-df.org.br\/novo\/wp-content\/uploads\/2020\/06\/quadra5-800x600.png 800w, https:\/\/ases-df.org.br\/novo\/wp-content\/uploads\/2020\/06\/quadra5-700x526.png 700w\" sizes=\"(max-width: 975px) 100vw, 975px\" \/>\t\t\t\t\t\t<span class=\"aig-gallery-hover\">\n\t\t\t\t\t\t\t\t\t\t\t\t\t<\/span>\n\t\t\t\t\t\t\t\t\t<\/div>\n\t\t\t<\/div>\n\t\t\t\t\t<div class=\"qode-aig-image qode-item-space\">\n\t\t\t\t<div class=\"qode-aig-image-inner\">\n\t\t\t\t\t\t\t\t\t\t\t<img loading=\"lazy\" decoding=\"async\" width=\"975\" height=\"733\" src=\"https:\/\/ases-df.org.br\/novo\/wp-content\/uploads\/2020\/06\/quadra4.png\" class=\"attachment-large size-large\" alt=\"\" srcset=\"https:\/\/ases-df.org.br\/novo\/wp-content\/uploads\/2020\/06\/quadra4.png 975w, https:\/\/ases-df.org.br\/novo\/wp-content\/uploads\/2020\/06\/quadra4-300x226.png 300w, https:\/\/ases-df.org.br\/novo\/wp-content\/uploads\/2020\/06\/quadra4-768x577.png 768w, https:\/\/ases-df.org.br\/novo\/wp-content\/uploads\/2020\/06\/quadra4-800x600.png 800w, https:\/\/ases-df.org.br\/novo\/wp-content\/uploads\/2020\/06\/quadra4-700x526.png 700w\" sizes=\"(max-width: 975px) 100vw, 975px\" \/>\t\t\t\t\t\t<span class=\"aig-gallery-hover\">\n\t\t\t\t\t\t\t\t\t\t\t\t\t<\/span>\n\t\t\t\t\t\t\t\t\t<\/div>\n\t\t\t<\/div>\n\t\t\t\t\t<div class=\"qode-aig-image qode-item-space\">\n\t\t\t\t<div class=\"qode-aig-image-inner\">\n\t\t\t\t\t\t\t\t\t\t\t<img loading=\"lazy\" decoding=\"async\" width=\"975\" height=\"733\" src=\"https:\/\/ases-df.org.br\/novo\/wp-content\/uploads\/2020\/06\/tenis1.png\" class=\"attachment-large size-large\" alt=\"\" srcset=\"https:\/\/ases-df.org.br\/novo\/wp-content\/uploads\/2020\/06\/tenis1.png 975w, https:\/\/ases-df.org.br\/novo\/wp-content\/uploads\/2020\/06\/tenis1-300x226.png 300w, https:\/\/ases-df.org.br\/novo\/wp-content\/uploads\/2020\/06\/tenis1-768x577.png 768w, https:\/\/ases-df.org.br\/novo\/wp-content\/uploads\/2020\/06\/tenis1-800x600.png 800w, https:\/\/ases-df.org.br\/novo\/wp-content\/uploads\/2020\/06\/tenis1-700x526.png 700w\" sizes=\"(max-width: 975px) 100vw, 975px\" \/>\t\t\t\t\t\t<span class=\"aig-gallery-hover\">\n\t\t\t\t\t\t\t\t\t\t\t\t\t<\/span>\n\t\t\t\t\t\t\t\t\t<\/div>\n\t\t\t<\/div>\n\t\t\t<\/div>\n<\/div>\t\t<\/div>\n\t\t\t\t<\/div>\n\t\t\t\t\t<\/div>\n\t\t<\/div>\n\t\t\t\t\t<\/div>\n\t\t<\/section>\n\t\t\t\t<\/div>\n\t\t","protected":false},"excerpt":{"rendered":"<p>Quadras de T\u00eanis A pr\u00e1tica do t\u00eanis com muita emo\u00e7\u00e3o e divers\u00e3o Um dos espa\u00e7os de que a Ases-DF mais se orgulha de ter em suas depend\u00eancias \u00e9 o complexo de t\u00eanis do clube. Constru\u00eddas para proporcionar um espa\u00e7o para a pr\u00e1tica de t\u00eanis pelos&#8230;<\/p>\n","protected":false},"author":1,"featured_media":0,"parent":0,"menu_order":0,"comment_status":"closed","ping_status":"closed","template":"elementor_header_footer","meta":{"footnotes":""},"_links":{"self":[{"href":"https:\/\/ases-df.org.br\/novo\/wp-json\/wp\/v2\/pages\/326"}],"collection":[{"href":"https:\/\/ases-df.org.br\/novo\/wp-json\/wp\/v2\/pages"}],"about":[{"href":"https:\/\/ases-df.org.br\/novo\/wp-json\/wp\/v2\/types\/page"}],"author":[{"embeddable":true,"href":"https:\/\/ases-df.org.br\/novo\/wp-json\/wp\/v2\/users\/1"}],"replies":[{"embeddable":true,"href":"https:\/\/ases-df.org.br\/novo\/wp-json\/wp\/v2\/comments?post=326"}],"version-history":[{"count":26,"href":"https:\/\/ases-df.org.br\/novo\/wp-json\/wp\/v2\/pages\/326\/revisions"}],"predecessor-version":[{"id":25478,"href":"https:\/\/ases-df.org.br\/novo\/wp-json\/wp\/v2\/pages\/326\/revisions\/25478"}],"wp:attachment":[{"href":"https:\/\/ases-df.org.br\/novo\/wp-json\/wp\/v2\/media?parent=326"}],"curies":[{"name":"wp","href":"https:\/\/api.w.org\/{rel}","templated":true}]}}