{"id":25867,"date":"2026-03-27T15:02:24","date_gmt":"2026-03-27T18:02:24","guid":{"rendered":"https:\/\/ases-df.org.br\/novo\/?post_type=tribe_events&#038;p=25867"},"modified":"2026-08-18T07:21:41","modified_gmt":"2026-08-18T10:21:41","slug":"dia-dos-pais","status":"publish","type":"tribe_events","link":"https:\/\/ases-df.org.br\/novo\/event\/dia-dos-pais\/","title":{"rendered":"Dia dos Pais"},"content":{"rendered":"<p>&nbsp;<\/p>\n<h1>Dia dos Pais<\/h1>\n<p>\ud83d\udc54\u2728 <strong>Dia dos Pais no Clube ASES re\u00fane fam\u00edlias em uma noite de homenagem, m\u00fasica e confraterniza\u00e7\u00e3o<\/strong><\/p>\n<p>Na \u00faltima sexta-feira, <strong>07 de agosto de 2026<\/strong>, o Clube ASES realizou uma programa\u00e7\u00e3o especial em comemora\u00e7\u00e3o ao <strong>Dia dos Pais<\/strong>, reunindo associados e familiares em um momento marcado por alegria, reconhecimento e celebra\u00e7\u00e3o.<\/p>\n<p>O evento foi preparado com muito carinho para homenagear os pais, proporcionando uma noite agrad\u00e1vel, acolhedora e cheia de bons momentos. Com m\u00fasica de qualidade, gastronomia especial e um ambiente organizado para receber as fam\u00edlias, a celebra\u00e7\u00e3o refor\u00e7ou a import\u00e2ncia de valorizar aqueles que exercem esse papel t\u00e3o significativo na vida de seus filhos e familiares. \ud83c\udfb6\ud83c\udf7d\ufe0f<\/p>\n<p>A programa\u00e7\u00e3o contou com momentos de descontra\u00e7\u00e3o, integra\u00e7\u00e3o entre os associados e uma atmosfera de confraterniza\u00e7\u00e3o, tornando a noite ainda mais especial para todos os presentes.<\/p>\n<p>O evento tamb\u00e9m contou com a presen\u00e7a do deputado distrital <strong>Wellington Luiz<\/strong>, que prestigiou a comemora\u00e7\u00e3o e participou desse momento de valoriza\u00e7\u00e3o das fam\u00edlias no Clube ASES.<\/p>\n<p>Mais do que uma celebra\u00e7\u00e3o, o Dia dos Pais foi uma oportunidade de reunir gera\u00e7\u00f5es, fortalecer v\u00ednculos e viver mais uma experi\u00eancia especial dentro do Clube.<\/p>\n<p>A diretoria agradece a presen\u00e7a dos associados, familiares, convidados, colaboradores e todos que contribu\u00edram para a realiza\u00e7\u00e3o desse evento.<\/p>\n<p>O Clube ASES segue promovendo encontros que valorizam a conviv\u00eancia, a fam\u00edlia e o sentimento de pertencimento dos seus associados.<\/p>\n<p>\ud83d\udc99 <strong>Foi uma noite de carinho, respeito, gratid\u00e3o e celebra\u00e7\u00e3o aos pais no Clube ASES.<\/strong><\/p>\n<p><a href=\"https:\/\/ases-df.org.br\/novo\/?attachment_id=26298\" rel=\"attachment wp-att-26298\"><img decoding=\"async\" class=\"aligncenter size-full wp-image-26298\" src=\"https:\/\/ases-df.org.br\/novo\/wp-content\/uploads\/2026\/07\/300-120-original.png\" alt=\"\" width=\"300\" height=\"120\" \/><\/a><\/p>\n","protected":false},"excerpt":{"rendered":"<p>&nbsp; Dia dos Pais \ud83d\udc54\u2728 Dia dos Pais no Clube ASES re\u00fane fam\u00edlias em uma noite de homenagem, m\u00fasica e confraterniza\u00e7\u00e3o Na \u00faltima sexta-feira, 07 de agosto de 2026, o Clube ASES realizou uma programa\u00e7\u00e3o especial em comemora\u00e7\u00e3o ao Dia dos Pais, reunindo associados e&#8230;<\/p>\n","protected":false},"author":3,"featured_media":0,"comment_status":"open","ping_status":"closed","template":"","meta":{"_tribe_events_status":"","_tribe_events_status_reason":"","footnotes":""},"tags":[],"tribe_events_cat":[],"_links":{"self":[{"href":"https:\/\/ases-df.org.br\/novo\/wp-json\/wp\/v2\/tribe_events\/25867"}],"collection":[{"href":"https:\/\/ases-df.org.br\/novo\/wp-json\/wp\/v2\/tribe_events"}],"about":[{"href":"https:\/\/ases-df.org.br\/novo\/wp-json\/wp\/v2\/types\/tribe_events"}],"author":[{"embeddable":true,"href":"https:\/\/ases-df.org.br\/novo\/wp-json\/wp\/v2\/users\/3"}],"replies":[{"embeddable":true,"href":"https:\/\/ases-df.org.br\/novo\/wp-json\/wp\/v2\/comments?post=25867"}],"version-history":[{"count":3,"href":"https:\/\/ases-df.org.br\/novo\/wp-json\/wp\/v2\/tribe_events\/25867\/revisions"}],"predecessor-version":[{"id":26325,"href":"https:\/\/ases-df.org.br\/novo\/wp-json\/wp\/v2\/tribe_events\/25867\/revisions\/26325"}],"wp:attachment":[{"href":"https:\/\/ases-df.org.br\/novo\/wp-json\/wp\/v2\/media?parent=25867"}],"wp:term":[{"taxonomy":"post_tag","embeddable":true,"href":"https:\/\/ases-df.org.br\/novo\/wp-json\/wp\/v2\/tags?post=25867"},{"taxonomy":"tribe_events_cat","embeddable":true,"href":"https:\/\/ases-df.org.br\/novo\/wp-json\/wp\/v2\/tribe_events_cat?post=25867"}],"curies":[{"name":"wp","href":"https:\/\/api.w.org\/{rel}","templated":true}]}}

<p>&nbsp;</p>
<h1>Dia dos Pais</h1>
<p>👔✨ <strong>Dia dos Pais no Clube ASES reúne famílias em uma noite de homenagem, música e confraternização</strong></p>
<p>Na última sexta-feira, <strong>07 de agosto de 2026</strong>, o Clube ASES realizou uma programação especial em comemoração ao <strong>Dia dos Pais</strong>, reunindo associados e familiares em um momento marcado por alegria, reconhecimento e celebração.</p>
<p>O evento foi preparado com muito carinho para homenagear os pais, proporcionando uma noite agradável, acolhedora e cheia de bons momentos. Com música de qualidade, gastronomia especial e um ambiente organizado para receber as famílias, a celebração reforçou a importância de valorizar aqueles que exercem esse papel tão significativo na vida de seus filhos e familiares. 🎶🍽️</p>
<p>A programação contou com momentos de descontração, integração entre os associados e uma atmosfera de confraternização, tornando a noite ainda mais especial para todos os presentes.</p>
<p>O evento também contou com a presença do deputado distrital <strong>Wellington Luiz</strong>, que prestigiou a comemoração e participou desse momento de valorização das famílias no Clube ASES.</p>
<p>Mais do que uma celebração, o Dia dos Pais foi uma oportunidade de reunir gerações, fortalecer vínculos e viver mais uma experiência especial dentro do Clube.</p>
<p>A diretoria agradece a presença dos associados, familiares, convidados, colaboradores e todos que contribuíram para a realização desse evento.</p>
<p>O Clube ASES segue promovendo encontros que valorizam a convivência, a família e o sentimento de pertencimento dos seus associados.</p>
<p>💙 <strong>Foi uma noite de carinho, respeito, gratidão e celebração aos pais no Clube ASES.</strong></p>
<p><a href="https://ases-df.org.br/novo/?attachment_id=26298" rel="attachment wp-att-26298"><img decoding="async" class="aligncenter size-full wp-image-26298" src="https://ases-df.org.br/novo/wp-content/uploads/2026/07/300-120-original.png" alt="" width="300" height="120" /></a></p>

<p>&nbsp; Dia dos Pais 👔✨ Dia dos Pais no Clube ASES reúne famílias em uma noite de homenagem, música e confraternização Na última sexta-feira, 07 de agosto de 2026, o Clube ASES realizou uma programação especial em comemoração ao Dia dos Pais, reunindo associados e&#8230;</p>
